(-8))/((-1)/2). Let g(n) = 0*n + 3*n + p - 4*n. What is g(6)?
-5
Let c(j) = 20*j + 19. Let l(t) = 7*t + 7. Let v(p) = 3*c(p) - 8*l(p). What is v(3)?
13
Let h(b) be the first derivative of b**2/2 + 9*b - 1. Let x be h(-7). Let o(g) = 2*g**3 + 0 - 2*g**x - 4*g - 3 - 3*g**3 - 3*g**2. Give o(-3).
-9
Let t(h) = h**2 + 13*h + 2. Let c be t(-13). Let l(g) = 3*g**2 - 4*g + 3. Determine l(c).
7
Let g(c) = c - 15. Let b(y) = 2*y - 31. Suppose -i = -6*i + 20. Let j be (-46)/6 - i/(-6). Let r(v) = j*g(v) + 3*b(v). What is r(5)?
7
Let m(w) = w**3 + 2*w**2 + 2*w - 2. Let z be (-1)/(-5) - (-192)/40. Suppose 2*i - 10 = 0, -n + z*i - 3*i - 12 = 0. What is m(n)?
-6
Let p(o) = -o + 4. Let s be 7 + (3 + -11)/2. Give p(s).
1
Let w(a) be the first derivative of -3*a**2/2 - 1. Let c(o) = -2*o**3 + o**2 - o + 1. Let k be c(1). Let q = k - -3. Determine w(q).
-6
Suppose 3*t + t - 20 = 0. Let b(k) = 7*k - 9. Let f(n) = -3 - 5 - 2 + 4*n + 4*n. Let c(i) = 6*b(i) - 5*f(i). What is c(t)?
6
Suppose 0 = k + 5*m - 5, -3*k - 65 = -8*k - 5*m. Let h(g) = 0 - 5 + k - 2*g. Determine h(7).
-4
Let r be (6/4)/(3/8). Let z = r - 9. Let s(k) be the first derivative of k**4/4 + 5*k**3/3 - 6*k + 1. Give s(z).
-6
Let z(u) = 4*u + 118. Let b be z(-30). Let g(m) = -5*m**2 + 5*m - 6. Let f(l) = -14*l**2 + 14*l - 17. Let n(r) = 4*f(r) - 11*g(r). Calculate n(b).
-8
Suppose 4 = 5*n - 3*v - 11, 0 = -2*n + 4*v + 6. Let g(f) = -2*f + n*f - 2 - 3*f + f. What is g(0)?
-2
Let n be 22/6 + 4/(-6). Suppose 2*s - 5*s = -4*z - 13, n*s + 4*z - 5 = 0. Let j(q) be the third derivative of -q**4/24 - q**3/6 - 5*q**2. Determine j(s).
-4
Let y(b) = -b - 1. Let j be y(-3). Let s(d) = -d**2 + 4*d + 0*d**2 - d**j + d**2. Determine s(4).
0
Let x(u) = u**3 + 10*u**2 + 3*u - 6. Let k(t) = -t**3 - 11*t**2 - 2*t + 5. Let q(i) = 2*k(i) + 3*x(i). Determine q(-7).
6
Let g(s) = -s**2 + s - 5. Let z(h) = -6*h**2 + 5*h - 25. Let y(l) = -11*g(l) + 2*z(l). Let i(m) = m**2 - 8*m + 7. Let v be i(6). Give y(v).
-15
Let h(z) = -z**2 + z - 2. Let s be 7/2 - (-3)/(-2). Let d = 0 + s. Calculate h(d).
-4
Let c(r) be the third derivative of -r**4/24 - r**3/6 + 5*r**2. Calculate c(4).
-5
Let o(t) = -2*t**2 + 11*t + 6. Let n(p) = 3*p**2 - 21*p - 10. Let c(a) = 3*n(a) + 5*o(a). Calculate c(-5).
15
Let j(t) be the third derivative of -t**4/24 + t**3/6 + 4*t**2. What is j(3)?
-2
Let d(b) = 5*b + 7. Let c(j) = j + 1. Let i(h) = -6*c(h) + d(h). Let a(n) = -2*n - 1. Let k be a(-3). Give i(k).
-4
Let k(m) be the third derivative of -m**5/60 - 7*m**4/24 - m**3 - m**2. Let n(f) = 2*f + 5. Suppose -t - 20 = 3*t. Let y be n(t). Determine k(y).
4
Let y(d) = -d**2 - 4*d. Let z be y(-4). Let f(w) be the third derivative of 1/3*w**3 + 0 - 1/6*w**4 - 1/120*w**6 + z*w + 1/10*w**5 - 2*w**2. Determine f(5).
7
Let d be (-3)/2 + 45/30. Suppose 12 = r + 5*b - 5, 4*r + b + 8 = d. Let s(n) = -2*n**3 - 4*n**2 - 2. Determine s(r).
16
Let s(t) = t**3 - 2*t**2 - 6*t + 1. Let q(a) = a**3 - 7*a**2 - 5*a - 7. Suppose 3*h + h - 32 = 0. Let l be q(h). Let v be l/4 + 3/(-12). Give s(v).
9
Let k(n) be the first derivative of -n**3/3 - 11*n**2/2 - 2*n + 49. Determine k(-10).
8
Let a(h) = -h**2 - 2*h + 4. Let j be a(-5). Let r(u) = 3*u**3 + u**2 + 3. Let b(x) = -8*x**3 - 3*x**2 - 8. Let m(n) = j*r(n) - 4*b(n). Give m(2).
-5
Let n(b) be the first derivative of -b**3/3 + b**2 + 5*b + 26. Suppose 5*x = -i + 30, -2*i - 15 = -x - 4*i. Let t = 0 + x. Calculate n(t).
-10
Let t = 11 + -10. Let g(y) = -4*y + 4*y + t + 2*y. Let d be 2 - 2 - 1 - -2. Determine g(d).
3
Let v(k) = -k + 10. Let g be v(7). Suppose 8*a - g*a = 20. Let u(o) = -o**3 + 3*o**2 + 3*o + 1. Determine u(a).
-3
Let a = -4 - -1. Let b(p) = -p**3 - p**2 + 4*p - 1. Give b(a).
5
Let v(h) = h**3 + 6*h**2 + 3. Suppose 0 = 4*f - 0*f + 8. Let y be (-2)/1 - (6 + f). Let o be v(y). Let n(g) = 2*g - 4. Give n(o).
2
Let h(s) = -3*s**3 - 3*s**2 - 5*s - 2. Let a(o) = -4*o**3 - 4*o**2 - 5*o - 2. Let d(w) = 4*a(w) - 5*h(w). Calculate d(-3).
5
Suppose 33 = -8*q - 31. Let z(k) = -k**3 - 8*k**2 + k + 2. Give z(q).
-6
Let f(i) be the third derivative of -i**6/120 + 7*i**5/60 - 3*i**4/8 + i**3/6 + 10*i**2. Give f(6).
-17
Let d(s) = 3*s**3 + s**2 + s + 6. Let r(c) = -c**3 - c + 1. Let a(o) = d(o) + 2*r(o). Let w be 0/((2 - 1)*1). Give a(w).
8
Suppose -3*l - 3*g = -6, 2 + 10 = l + 3*g. Let v(m) = -m**2 - 3*m - 3. Calculate v(l).
-3
Let o = 6 + -5. Suppose 0 = -4*f + o - 9. Let p be (f/2)/((-2)/4). Let d(a) = a**3 + a + 2. Determine d(p).
12
Let h(o) = o**3 - 10*o**2 + 4. Let l be h(10). Suppose -3 - 1 = -2*b. Let y(t) = l*t - b*t + 4 + 0 - t. What is y(-3)?
1
Let l be (-15)/(-3)*(-5 + 4). Suppose s + s = 5*u - 41, -4*u = 5*s - 46. Let h(o) = -u + o - o - o. Determine h(l).
-4
Let g(y) = y**2 + 3*y - 16. Let l be g(-7). Let x = 18 - l. Let p(r) = 3*r - 4. Calculate p(x).
14
Let b = 14 - 12. Suppose -3*z + 4 = -v - 2, -5*z = 2*v - 21. Let x(k) = k**3 - k**b + 0 + 7 - 2*k - 3 + v*k. Calculate x(0).
4
Let p(k) = 3*k - 4 - 4 + 0 + 4. What is p(3)?
5
Suppose 4*w - 40 = -6*w. Let a(h) = -h**2. Determine a(w).
-16
Let v(r) be the second derivative of -r**5/120 - r**4/24 + r**3/3 - 7*r. Let a(l) be the second derivative of v(l). What is a(-2)?
1
Let d(p) = -6*p**2 + 11*p**2 - 4*p**2 + 2*p + 4. Calculate d(-4).
12
Suppose 0 = -2*g - 3*g + 25. Suppose g*r + 1 = -l - l, -3*l + 4 = 2*r. Suppose l*m - m = -2. Let c(w) = w**3 + 2*w**2 + w. What is c(m)?
-2
Let q(g) = -g + 1. Let v(t) = -t**2 + t. Let w(u) = -q(u) - v(u). Give w(3).
8
Let u(v) = 2*v - 5. Suppose 0*b - b = -2. Suppose 9 = t + b*t. Suppose -t*r + 4*k = -28, 3*r = -r - 4*k. Determine u(r).
3
Let a be (5 + 13)*(-2)/(-6). Let q(n) = 7 + 2*n + n**3 + 4*n**2 + n**2 - a*n - n**2. Calculate q(-5).
2
Let x(p) = 2*p + 4. Let u(r) be the second derivative of -r**3/2 - 3*r**2/2 - r. Let v(o) = -3*u(o) - 4*x(o). What is v(6)?
-1
Suppose -2*v = -2*w - 2, -4*w = 4*v - v + 39. Let b(o) = 3*o + 4. Let y(z) = -5*z - 7. Let j(f) = -7*b(f) - 4*y(f). Give j(w).
6
Let a(i) = -4 + 7 - 6*i**2 - 6*i + i**3 - 13. What is a(7)?
-3
Let m(z) = -1. Let s(x) be the first derivative of -x**3/3 + 5*x + 2. Let h(w) = 3*m(w) + s(w). Calculate h(-2).
-2
Let t(x) = x**2 + 5*x + 6. Suppose -36 = -3*p - 3*j, 5*p - 2*j - 73 + 27 = 0. Suppose -y + p = -3*y. What is t(y)?
6
Let q(v) = -2 - 2*v - 1 + 8. Let x(b) = 3*b - 10. Let j(c) = 5*q(c) + 3*x(c). Let r be (-1 - (2 + -1)) + -3. Determine j(r).
0
Let g(v) = -v**3 - 11*v**2 - 10*v - 4. Let d be (6/9)/((-3)/45). Give g(d).
-4
Let s(b) = -8*b + 9. Let l(n) = 7*n - 8. Let q(i) = -5*l(i) - 4*s(i). Give q(3).
-5
Let z be 12/(-30) + 4/10. Let y(o) = -o + z - 4 + 4. Give y(5).
-5
Let m(i) = 15 + 2*i**2 + 7 - 3*i**2 - 8. Let r(k) = -k**3 - 3*k**2 + 5*k + 4. Let a be r(-4). What is m(a)?
14
Let y(q) = -q**2 + 2*q - 3. Suppose -5 = 3*t - 4*t. Suppose 0*k - 3 = -2*k - 3*s, -4*s + 11 = t*k. Calculate y(k).
-6
Let n = 7 - 9. Let t = -3 + n. Let q(v) = -v**2 - 5*v - 1. Determine q(t).
-1
Let f = -10 + 10. Let q(d) be the second derivative of -d**5/20 - d**4/12 - 2*d**2 + 3*d. Determine q(f).
-4
Let j(t) = 11*t - 1. Let d(g) = 9*g. Let p(l) = 5*d(l) - 4*j(l). What is p(-5)?
-1
Let h(i) = i**2 - 1 + 0 + 9*i + 3 - 2*i. Calculate h(-5).
-8
Let a(x) = x**2 + 5*x - 5. Suppose 3*f = -3*g - f - 11, 5*g = -3*f - 22. Determine a(g).
-5
Let w(o) be the second derivative of o**4/12 - 2*o**3/3 + 3*o**2/2 - 55*o. Suppose 5*n = 6*n - 3*l + 9, 22 = 2*n + 4*l. What is w(n)?
0
Let q(h) = -h - 2. Let x = 3 + -10. Let c = x + 1. Determine q(c).
4
Let y(s) = 0*s**3 + 5*s**2 + 0*s**2 - s**3. Suppose 5*q + 5*n = 45, 5*q + 2*n = -n + 37. Give y(q).
0
Let n = -101 + 93. Let u(d) = -d**2 - 6*d + 1. Calculate u(n).
-15
Let k(h) = -3*h**3 - h**2 + 8*h - 2. Let x(v) = -8*v**3 - 4*v**2 + 23*v - 6. Let z(l) = 11*k(l) - 4*x(l). Calculate z(4).
2
Let p(v) = 3*v - 1. Let s(l) = l**2 + 5*l - 9. Let y(h) = 2*h**2 + 11*h - 19. Let i(m) = 13*s(m) - 6*y(m). Let f be i(3). Calculate p(f).
8
Suppose -w - 4*m + 2 = 5, -3*w - 9 = 2*m. Let b(o) = -2*o - 2. Give b(w).
4
Let q(k) = -k**2 + 3*k + 7. Let y be q(5). Let s(g) = -g**3 - 3*g**2 - 1. Give s(y).
-1
Let f(d) = 1 - 3 + 3*d**2 + 1 + 6*d**2 + 2*d. Suppose 0*q + 3 = 3*q. Determine f(q).
10
Suppose -h = -11 - 6. Suppose -5*c = -2*m - h, -2*c + 0*c = m - 14. Let w(p) = p**2 - 4*p -